{"id":2982,"date":"2024-06-09T15:18:51","date_gmt":"2024-06-09T13:18:51","guid":{"rendered":"https:\/\/domiciliostunja.org\/?page_id=2982"},"modified":"2024-06-25T06:39:08","modified_gmt":"2024-06-25T04:39:08","slug":"nosotros-2","status":"publish","type":"page","link":"https:\/\/butechco.co\/index.php\/nosotros-2\/","title":{"rendered":"Nosotros"},"content":{"rendered":"<div class=\"wpb-content-wrapper\"><p>[vc_row disable_element=&#8221;yes&#8221;][vc_column]\n\t\t\t<!-- START Slider 1 REVOLUTION SLIDER 6.7.18 --><p class=\"rs-p-wp-fix\"><\/p>\n\t\t\t<rs-module-wrap id=\"rev_slider_4_1_wrapper\" data-source=\"gallery\" style=\"visibility:hidden;background:transparent;padding:0;margin:0px auto;margin-top:0;margin-bottom:0;\">\n\t\t\t\t<rs-module id=\"rev_slider_4_1\" style=\"\" data-version=\"6.7.18\">\n\t\t\t\t\t<rs-slides style=\"overflow: hidden; position: absolute;\">\n\t\t\t\t\t\t<rs-slide style=\"position: absolute;\" data-key=\"rs-10\" data-title=\"Slide\" data-thumb=\"\/\/domiciliostunja.org\/wp-content\/uploads\/2024\/07\/building-construction-scaled-e1720038934149.jpg\" data-in=\"o:0;\" data-out=\"a:false;\">\n\t\t\t\t\t\t\t<img decoding=\"async\" src=\"\/\/butechco.co\/wp-content\/plugins\/revslider\/sr6\/assets\/assets\/dummy.png\" alt=\"\" title=\"building-construction\" width=\"1920\" height=\"1280\" class=\"rev-slidebg tp-rs-img rs-lazyload\" data-lazyload=\"\/\/domiciliostunja.org\/wp-content\/uploads\/2024\/07\/building-construction-scaled-e1720038934149.jpg\" data-parallax=\"14\" data-no-retina>\n<!--\n\t\t\t\t\t\t\t--><rs-layer\n\t\t\t\t\t\t\t\tid=\"slider-4-slide-10-layer-1\" \n\t\t\t\t\t\t\t\tclass=\"fp_title_layer\"\n\t\t\t\t\t\t\t\tdata-type=\"text\"\n\t\t\t\t\t\t\t\tdata-color=\"#ffcc00||rgba(255, 255, 255, 1)||rgba(255, 255, 255, 1)||rgba(255, 255, 255, 1)\"\n\t\t\t\t\t\t\t\tdata-rsp_ch=\"on\"\n\t\t\t\t\t\t\t\tdata-xy=\"xo:25px,40px,40px,40px;yo:33px,160px,160px,190px;\"\n\t\t\t\t\t\t\t\tdata-text=\"s:56,48,48,30;l:63,60,60,30;fw:700;\"\n\t\t\t\t\t\t\t\tdata-frame_0=\"y:-100%;o:1;\"\n\t\t\t\t\t\t\t\tdata-frame_0_mask=\"u:t;\"\n\t\t\t\t\t\t\t\tdata-frame_1=\"st:500;sp:1000;sR:500;\"\n\t\t\t\t\t\t\t\tdata-frame_1_mask=\"u:t;\"\n\t\t\t\t\t\t\t\tdata-frame_999=\"y:-100%;e:nothing;st:w;sp:700;sR:7500;\"\n\t\t\t\t\t\t\t\tdata-frame_999_mask=\"u:t;\"\n\t\t\t\t\t\t\t\tstyle=\"z-index:6;font-family:'Montserrat';\"\n\t\t\t\t\t\t\t>No solo construimos obras civiles,\n \n\t\t\t\t\t\t\t<\/rs-layer><!--\n\n\t\t\t\t\t\t\t--><rs-layer\n\t\t\t\t\t\t\t\tid=\"slider-4-slide-10-layer-3\" \n\t\t\t\t\t\t\t\tclass=\"fp_content_layer\"\n\t\t\t\t\t\t\t\tdata-type=\"text\"\n\t\t\t\t\t\t\t\tdata-color=\"#001696||rgba(250, 192, 18, 1)||rgba(250, 192, 18, 1)||rgba(250, 192, 18, 1)\"\n\t\t\t\t\t\t\t\tdata-rsp_ch=\"on\"\n\t\t\t\t\t\t\t\tdata-xy=\"xo:-148px,40px,40px,40px;yo:154px,300px,300px,300px;\"\n\t\t\t\t\t\t\t\tdata-text=\"s:40,20,20,18;l:60,32,32,20;fw:400,700,700,700;\"\n\t\t\t\t\t\t\t\tdata-dim=\"w:1177px,auto,auto,auto;h:153px,auto,auto,auto;\"\n\t\t\t\t\t\t\t\tdata-frame_0=\"x:-100%;o:1;\"\n\t\t\t\t\t\t\t\tdata-frame_0_mask=\"u:t;\"\n\t\t\t\t\t\t\t\tdata-frame_1=\"st:700;sp:1200;sR:700;\"\n\t\t\t\t\t\t\t\tdata-frame_1_mask=\"u:t;\"\n\t\t\t\t\t\t\t\tdata-frame_999=\"x:-100%;st:w;sp:900;sR:7100;\"\n\t\t\t\t\t\t\t\tdata-frame_999_mask=\"u:t;\"\n\t\t\t\t\t\t\t\tstyle=\"z-index:8;background-color:rgba(147,221,255,0.3);font-family:'Roboto';\"\n\t\t\t\t\t\t\t><pre>    Construcci\u00f3n Interventor\u00eda  y<br>    supervisi\u00f3n t\u00e9cnica de proyectos  \n\t\t\t\t\t\t\t<\/rs-layer><!--\n\n\t\t\t\t\t\t\t--><rs-layer\n\t\t\t\t\t\t\t\tid=\"slider-4-slide-10-layer-5\" \n\t\t\t\t\t\t\t\tclass=\"fp_title_layer\"\n\t\t\t\t\t\t\t\tdata-type=\"text\"\n\t\t\t\t\t\t\t\tdata-color=\"#ffcc00||rgba(255, 255, 255, 1)||rgba(255, 255, 255, 1)||rgba(255, 255, 255, 1)\"\n\t\t\t\t\t\t\t\tdata-rsp_ch=\"on\"\n\t\t\t\t\t\t\t\tdata-xy=\"xo:18px,40px,40px,40px;yo:125px,220px,220px,240px;\"\n\t\t\t\t\t\t\t\tdata-text=\"s:56,48,48,30;l:64,60,60,30;fw:700;\"\n\t\t\t\t\t\t\t\tdata-dim=\"w:1138,auto,auto,auto;\"\n\t\t\t\t\t\t\t\tdata-frame_0=\"y:-100%;o:1;\"\n\t\t\t\t\t\t\t\tdata-frame_0_mask=\"u:t;\"\n\t\t\t\t\t\t\t\tdata-frame_1=\"st:500;sp:1000;sR:500;\"\n\t\t\t\t\t\t\t\tdata-frame_1_mask=\"u:t;\"\n\t\t\t\t\t\t\t\tdata-frame_999=\"y:-100%;e:nothing;st:w;sp:700;sR:7500;\"\n\t\t\t\t\t\t\t\tdata-frame_999_mask=\"u:t;\"\n\t\t\t\t\t\t\t\tstyle=\"z-index:7;font-family:'Montserrat';\"\n\t\t\t\t\t\t\t>Creamos espacios para una vida mejor \n\t\t\t\t\t\t\t<\/rs-layer><!--\n\n\t\t\t\t\t\t\t--><rs-layer\n\t\t\t\t\t\t\t\tid=\"slider-4-slide-10-layer-7\" \n\t\t\t\t\t\t\t\tdata-type=\"image\"\n\t\t\t\t\t\t\t\tdata-rsp_ch=\"on\"\n\t\t\t\t\t\t\t\tdata-xy=\"xo:1072px,938px,712px,439px;yo:529px,462px,351px,216px;\"\n\t\t\t\t\t\t\t\tdata-text=\"w:normal;s:20,17,12,7;l:0,21,15,9;\"\n\t\t\t\t\t\t\t\tdata-dim=\"w:85px,74px,56px,34px;h:124px,108px,82px,50px;\"\n\t\t\t\t\t\t\t\tdata-frame_999=\"o:0;st:w;\"\n\t\t\t\t\t\t\t\tstyle=\"z-index:10;\"\n\t\t\t\t\t\t\t><img decoding=\"async\" src=\"\/\/butechco.co\/wp-content\/plugins\/revslider\/sr6\/assets\/assets\/dummy.png\" alt=\"\" class=\"tp-rs-img rs-lazyload\" width=\"75\" height=\"109\" data-lazyload=\"\/\/domiciliostunja.org\/wp-content\/uploads\/2024\/06\/logopngfinal-75x109-1.webp\" data-no-retina> \n\t\t\t\t\t\t\t<\/rs-layer><!--\n\n\t\t\t\t\t\t\t--><rs-layer\n\t\t\t\t\t\t\t\tid=\"slider-4-slide-10-layer-8\" \n\t\t\t\t\t\t\t\tclass=\"fh_button rev-btn\"\n\t\t\t\t\t\t\t\tdata-type=\"button\"\n\t\t\t\t\t\t\t\tdata-color=\"rgba(255,255,255,1)\"\n\t\t\t\t\t\t\t\tdata-xy=\"xo:447px,40px,40px,40px;yo:507px,450px,450px,450px;\"\n\t\t\t\t\t\t\t\tdata-text=\"s:25,16,16,16;l:25,16,16,16;fw:700;a:inherit;\"\n\t\t\t\t\t\t\t\tdata-rsp_bd=\"off\"\n\t\t\t\t\t\t\t\tdata-padding=\"t:19,12,12,12;r:56,35,35,35;b:19,12,12,12;l:56,35,35,35;\"\n\t\t\t\t\t\t\t\tdata-border=\"bos:solid;boc:#ffffff;bow:2,2,2,2;bor:30px,30px,30px,30px;\"\n\t\t\t\t\t\t\t\tdata-frame_0=\"y:100%;\"\n\t\t\t\t\t\t\t\tdata-frame_0_mask=\"u:t;y:100%;\"\n\t\t\t\t\t\t\t\tdata-frame_1=\"y:-2px;e:power2.inOut;st:900;sp:700;sR:900;\"\n\t\t\t\t\t\t\t\tdata-frame_1_mask=\"u:t;\"\n\t\t\t\t\t\t\t\tdata-frame_999=\"y:80px;o:0;e:nothing;st:w;sp:700;sR:7400;\"\n\t\t\t\t\t\t\t\tdata-frame_hover=\"bgc:#ffc811;boc:#ffc811;bor:30px,30px,30px,30px;bos:solid;bow:2,2,2,2;oX:50;oY:50;e:none;\"\n\t\t\t\t\t\t\t\tstyle=\"z-index:9;background-color:rgba(0,0,0,0);font-family:'Open Sans';cursor:pointer;outline:none;box-shadow:none;box-sizing:border-box;-moz-box-sizing:border-box;-webkit-box-sizing:border-box;\"\n\t\t\t\t\t\t\t>Ver Servicios \n\t\t\t\t\t\t\t<\/rs-layer><!--\n-->\t\t\t\t\t<\/rs-slide>\n\t\t\t\t\t\t<rs-slide style=\"position: absolute;\" data-key=\"rs-11\" data-title=\"Slide\" data-thumb=\"\/\/domiciliostunja.org\/wp-content\/uploads\/2024\/07\/portrait-person-working-construction-field-scaled-e1720040445258.jpg\" data-in=\"o:0;\" data-out=\"a:false;\">\n\t\t\t\t\t\t\t<img decoding=\"async\" src=\"\/\/butechco.co\/wp-content\/plugins\/revslider\/sr6\/assets\/assets\/dummy.png\" alt=\"\" title=\"portrait-person-working-construction-field\" width=\"1920\" height=\"1280\" class=\"rev-slidebg tp-rs-img rs-lazyload\" data-lazyload=\"\/\/domiciliostunja.org\/wp-content\/uploads\/2024\/07\/portrait-person-working-construction-field-scaled-e1720040445258.jpg\" data-parallax=\"14\" data-no-retina>\n<!--\n\t\t\t\t\t\t\t--><rs-layer\n\t\t\t\t\t\t\t\tid=\"slider-4-slide-11-layer-1\" \n\t\t\t\t\t\t\t\tclass=\"fp_title_layer\"\n\t\t\t\t\t\t\t\tdata-type=\"text\"\n\t\t\t\t\t\t\t\tdata-color=\"rgba(255, 255, 255, 1)\"\n\t\t\t\t\t\t\t\tdata-rsp_ch=\"on\"\n\t\t\t\t\t\t\t\tdata-xy=\"xo:0,40px,40px,40px;yo:160px,160px,160px,190px;\"\n\t\t\t\t\t\t\t\tdata-text=\"s:70,48,48,30;l:80,60,60,30;fw:700;\"\n\t\t\t\t\t\t\t\tdata-frame_0=\"y:-100%;o:1;\"\n\t\t\t\t\t\t\t\tdata-frame_0_mask=\"u:t;\"\n\t\t\t\t\t\t\t\tdata-frame_1=\"st:500;sp:1000;sR:500;\"\n\t\t\t\t\t\t\t\tdata-frame_1_mask=\"u:t;\"\n\t\t\t\t\t\t\t\tdata-frame_999=\"y:-100%;e:nothing;st:w;sp:700;sR:7500;\"\n\t\t\t\t\t\t\t\tdata-frame_999_mask=\"u:t;\"\n\t\t\t\t\t\t\t\tstyle=\"z-index:5;font-family:'Montserrat';\"\n\t\t\t\t\t\t\t>Gracias a la\n \n\t\t\t\t\t\t\t<\/rs-layer><!--\n\n\t\t\t\t\t\t\t--><rs-layer\n\t\t\t\t\t\t\t\tid=\"slider-4-slide-11-layer-3\" \n\t\t\t\t\t\t\t\tclass=\"fp_content_layer\"\n\t\t\t\t\t\t\t\tdata-type=\"text\"\n\t\t\t\t\t\t\t\tdata-color=\"#080da0||rgba(250, 192, 18, 1)||rgba(250, 192, 18, 1)||rgba(250, 192, 18, 1)\"\n\t\t\t\t\t\t\t\tdata-rsp_ch=\"on\"\n\t\t\t\t\t\t\t\tdata-xy=\"xo:324px,40px,40px,40px;yo:333px,300px,300px,300px;\"\n\t\t\t\t\t\t\t\tdata-text=\"s:24,20,20,18;l:36,32,32,20;fw:400,700,700,700;\"\n\t\t\t\t\t\t\t\tdata-frame_0=\"x:-100%;o:1;\"\n\t\t\t\t\t\t\t\tdata-frame_0_mask=\"u:t;\"\n\t\t\t\t\t\t\t\tdata-frame_1=\"st:700;sp:1200;sR:700;\"\n\t\t\t\t\t\t\t\tdata-frame_1_mask=\"u:t;\"\n\t\t\t\t\t\t\t\tdata-frame_999=\"x:-100%;st:w;sp:900;sR:7100;\"\n\t\t\t\t\t\t\t\tdata-frame_999_mask=\"u:t;\"\n\t\t\t\t\t\t\t\tstyle=\"z-index:7;background-color:rgba(242,246,255,0.1);font-family:'Roboto';\"\n\t\t\t\t\t\t\t>CONSTRUIR HACIA EL FUTURO\n \n\t\t\t\t\t\t\t<\/rs-layer><!--\n\n\t\t\t\t\t\t\t--><rs-layer\n\t\t\t\t\t\t\t\tid=\"slider-4-slide-11-layer-5\" \n\t\t\t\t\t\t\t\tclass=\"fp_title_layer\"\n\t\t\t\t\t\t\t\tdata-type=\"text\"\n\t\t\t\t\t\t\t\tdata-color=\"rgba(255, 255, 255, 1)\"\n\t\t\t\t\t\t\t\tdata-rsp_ch=\"on\"\n\t\t\t\t\t\t\t\tdata-xy=\"xo:0,40px,40px,40px;yo:245px,220px,220px,240px;\"\n\t\t\t\t\t\t\t\tdata-text=\"s:70,48,48,30;l:80,60,60,30;fw:700;\"\n\t\t\t\t\t\t\t\tdata-frame_0=\"y:-100%;o:1;\"\n\t\t\t\t\t\t\t\tdata-frame_0_mask=\"u:t;\"\n\t\t\t\t\t\t\t\tdata-frame_1=\"st:500;sp:1000;sR:500;\"\n\t\t\t\t\t\t\t\tdata-frame_1_mask=\"u:t;\"\n\t\t\t\t\t\t\t\tdata-frame_999=\"y:-100%;e:nothing;st:w;sp:700;sR:7500;\"\n\t\t\t\t\t\t\t\tdata-frame_999_mask=\"u:t;\"\n\t\t\t\t\t\t\t\tstyle=\"z-index:6;font-family:'Montserrat';\"\n\t\t\t\t\t\t\t>experiencia podemos \n\t\t\t\t\t\t\t<\/rs-layer><!--\n\n\t\t\t\t\t\t\t--><rs-layer\n\t\t\t\t\t\t\t\tid=\"slider-4-slide-11-layer-8\" \n\t\t\t\t\t\t\t\tclass=\"fh_button rev-btn\"\n\t\t\t\t\t\t\t\tdata-type=\"button\"\n\t\t\t\t\t\t\t\tdata-color=\"rgba(255,255,255,1)\"\n\t\t\t\t\t\t\t\tdata-xy=\"xo:378px,40px,40px,40px;yo:387px,450px,450px,450px;\"\n\t\t\t\t\t\t\t\tdata-text=\"s:16;l:16;fw:700;a:inherit;\"\n\t\t\t\t\t\t\t\tdata-rsp_bd=\"off\"\n\t\t\t\t\t\t\t\tdata-padding=\"t:12;r:35;b:12;l:35;\"\n\t\t\t\t\t\t\t\tdata-border=\"bos:solid;boc:#ffffff;bow:2,2,2,2;bor:30px,30px,30px,30px;\"\n\t\t\t\t\t\t\t\tdata-frame_0=\"y:100%;\"\n\t\t\t\t\t\t\t\tdata-frame_0_mask=\"u:t;y:100%;\"\n\t\t\t\t\t\t\t\tdata-frame_1=\"e:power2.inOut;st:900;sp:700;sR:900;\"\n\t\t\t\t\t\t\t\tdata-frame_1_mask=\"u:t;\"\n\t\t\t\t\t\t\t\tdata-frame_999=\"y:50px;o:0;e:nothing;st:w;sp:700;sR:7400;\"\n\t\t\t\t\t\t\t\tdata-frame_hover=\"bgc:#ffc811;boc:#ffc811;bor:30px,30px,30px,30px;bos:solid;bow:2,2,2,2;oX:50;oY:50;e:none;\"\n\t\t\t\t\t\t\t\tstyle=\"z-index:9;background-color:rgba(0,0,0,0);font-family:'Open Sans';cursor:pointer;outline:none;box-shadow:none;box-sizing:border-box;-moz-box-sizing:border-box;-webkit-box-sizing:border-box;\"\n\t\t\t\t\t\t\t>Contactanos \n\t\t\t\t\t\t\t<\/rs-layer><!--\n-->\t\t\t\t\t<\/rs-slide>\n\t\t\t\t\t\t<rs-slide style=\"position: absolute;\" data-key=\"rs-12\" data-title=\"Slide\" data-thumb=\"\/\/domiciliostunja.org\/wp-content\/uploads\/2024\/07\/back-view-old-man-with-hand-hip-scaled-e1720040855758.jpg\" data-in=\"o:0;\" data-out=\"a:false;\">\n\t\t\t\t\t\t\t<img decoding=\"async\" src=\"\/\/butechco.co\/wp-content\/plugins\/revslider\/sr6\/assets\/assets\/dummy.png\" alt=\"\" title=\"back-view-old-man-with-hand-hip\" width=\"1920\" height=\"1281\" class=\"rev-slidebg tp-rs-img rs-lazyload\" data-lazyload=\"\/\/domiciliostunja.org\/wp-content\/uploads\/2024\/07\/back-view-old-man-with-hand-hip-scaled-e1720040855758.jpg\" data-parallax=\"14\" data-no-retina>\n<!--\n\t\t\t\t\t\t\t--><rs-layer\n\t\t\t\t\t\t\t\tid=\"slider-4-slide-12-layer-1\" \n\t\t\t\t\t\t\t\tclass=\"fp_title_layer\"\n\t\t\t\t\t\t\t\tdata-type=\"text\"\n\t\t\t\t\t\t\t\tdata-color=\"rgba(255, 255, 255, 1)\"\n\t\t\t\t\t\t\t\tdata-rsp_ch=\"on\"\n\t\t\t\t\t\t\t\tdata-xy=\"xo:115px,40px,40px,40px;yo:369px,160px,160px,190px;\"\n\t\t\t\t\t\t\t\tdata-text=\"s:70,48,48,30;l:80,60,60,30;fw:700;\"\n\t\t\t\t\t\t\t\tdata-frame_0=\"y:-100%;o:1;\"\n\t\t\t\t\t\t\t\tdata-frame_0_mask=\"u:t;\"\n\t\t\t\t\t\t\t\tdata-frame_1=\"st:500;sp:1000;sR:500;\"\n\t\t\t\t\t\t\t\tdata-frame_1_mask=\"u:t;\"\n\t\t\t\t\t\t\t\tdata-frame_999=\"y:-100%;e:nothing;st:w;sp:700;sR:7500;\"\n\t\t\t\t\t\t\t\tdata-frame_999_mask=\"u:t;\"\n\t\t\t\t\t\t\t\tstyle=\"z-index:5;font-family:'Montserrat';\"\n\t\t\t\t\t\t\t>Coinsibe ideas y las ejecuta\n \n\t\t\t\t\t\t\t<\/rs-layer><!--\n\n\t\t\t\t\t\t\t--><rs-layer\n\t\t\t\t\t\t\t\tid=\"slider-4-slide-12-layer-2\" \n\t\t\t\t\t\t\t\tdata-type=\"image\"\n\t\t\t\t\t\t\t\tdata-rsp_ch=\"on\"\n\t\t\t\t\t\t\t\tdata-xy=\"xo:576px,504px,382px,235px;yo:131px,114px,86px,53px;\"\n\t\t\t\t\t\t\t\tdata-text=\"w:normal;s:20,17,12,7;l:0,21,15,9;\"\n\t\t\t\t\t\t\t\tdata-dim=\"w:80px,70px,53px,32px;h:116px,101px,76px,46px;\"\n\t\t\t\t\t\t\t\tdata-frame_999=\"o:0;st:w;\"\n\t\t\t\t\t\t\t\tstyle=\"z-index:9;\"\n\t\t\t\t\t\t\t><img decoding=\"async\" src=\"\/\/butechco.co\/wp-content\/plugins\/revslider\/sr6\/assets\/assets\/dummy.png\" alt=\"\" class=\"tp-rs-img rs-lazyload\" width=\"75\" height=\"109\" data-lazyload=\"\/\/domiciliostunja.org\/wp-content\/uploads\/2024\/06\/logopngfinal-75x109-1.webp\" data-no-retina> \n\t\t\t\t\t\t\t<\/rs-layer><!--\n\n\t\t\t\t\t\t\t--><rs-layer\n\t\t\t\t\t\t\t\tid=\"slider-4-slide-12-layer-3\" \n\t\t\t\t\t\t\t\tclass=\"fp_content_layer\"\n\t\t\t\t\t\t\t\tdata-type=\"text\"\n\t\t\t\t\t\t\t\tdata-color=\"#ffffff||rgba(250, 192, 18, 1)||rgba(250, 192, 18, 1)||rgba(250, 192, 18, 1)\"\n\t\t\t\t\t\t\t\tdata-rsp_ch=\"on\"\n\t\t\t\t\t\t\t\tdata-xy=\"xo:241px,40px,40px,40px;yo:554px,300px,300px,300px;\"\n\t\t\t\t\t\t\t\tdata-text=\"s:24,20,20,18;l:36,32,32,20;fw:400,700,700,700;\"\n\t\t\t\t\t\t\t\tdata-dim=\"w:307px,auto,auto,auto;\"\n\t\t\t\t\t\t\t\tdata-frame_0=\"x:-100%;o:1;\"\n\t\t\t\t\t\t\t\tdata-frame_0_mask=\"u:t;\"\n\t\t\t\t\t\t\t\tdata-frame_1=\"st:700;sp:1200;sR:700;\"\n\t\t\t\t\t\t\t\tdata-frame_1_mask=\"u:t;\"\n\t\t\t\t\t\t\t\tdata-frame_999=\"x:-100%;st:w;sp:900;sR:7100;\"\n\t\t\t\t\t\t\t\tdata-frame_999_mask=\"u:t;\"\n\t\t\t\t\t\t\t\tstyle=\"z-index:7;background-color:rgba(142,142,147,0.4);font-family:'Roboto';\"\n\t\t\t\t\t\t\t>El mejor servicio con calidad \n\t\t\t\t\t\t\t<\/rs-layer><!--\n\n\t\t\t\t\t\t\t--><rs-layer\n\t\t\t\t\t\t\t\tid=\"slider-4-slide-12-layer-5\" \n\t\t\t\t\t\t\t\tclass=\"fp_title_layer\"\n\t\t\t\t\t\t\t\tdata-type=\"text\"\n\t\t\t\t\t\t\t\tdata-color=\"rgba(255, 255, 255, 1)\"\n\t\t\t\t\t\t\t\tdata-rsp_ch=\"on\"\n\t\t\t\t\t\t\t\tdata-xy=\"xo:138px,40px,40px,40px;yo:445px,220px,220px,240px;\"\n\t\t\t\t\t\t\t\tdata-text=\"s:70,48,48,30;l:80,60,60,30;fw:700;\"\n\t\t\t\t\t\t\t\tdata-frame_0=\"y:-100%;o:1;\"\n\t\t\t\t\t\t\t\tdata-frame_0_mask=\"u:t;\"\n\t\t\t\t\t\t\t\tdata-frame_1=\"st:500;sp:1000;sR:500;\"\n\t\t\t\t\t\t\t\tdata-frame_1_mask=\"u:t;\"\n\t\t\t\t\t\t\t\tdata-frame_999=\"y:-100%;e:nothing;st:w;sp:700;sR:7500;\"\n\t\t\t\t\t\t\t\tdata-frame_999_mask=\"u:t;\"\n\t\t\t\t\t\t\t\tstyle=\"z-index:6;font-family:'Montserrat';\"\n\t\t\t\t\t\t\t>siempre proporcionando \n\t\t\t\t\t\t\t<\/rs-layer><!--\n\n\t\t\t\t\t\t\t--><rs-layer\n\t\t\t\t\t\t\t\tid=\"slider-4-slide-12-layer-6\" \n\t\t\t\t\t\t\t\tclass=\"fp_content_layer\"\n\t\t\t\t\t\t\t\tdata-type=\"text\"\n\t\t\t\t\t\t\t\tdata-color=\"#14018e||rgba(250, 192, 18, 1)||rgba(250, 192, 18, 1)||rgba(250, 192, 18, 1)\"\n\t\t\t\t\t\t\t\tdata-rsp_ch=\"on\"\n\t\t\t\t\t\t\t\tdata-xy=\"xo:548px,40px,40px,40px;yo:554px,330px,330px,330px;\"\n\t\t\t\t\t\t\t\tdata-text=\"s:24,20,20,18;l:36,32,32,20;fw:400,700,700,700;\"\n\t\t\t\t\t\t\t\tdata-frame_0=\"x:-100%;o:1;\"\n\t\t\t\t\t\t\t\tdata-frame_0_mask=\"u:t;\"\n\t\t\t\t\t\t\t\tdata-frame_1=\"st:700;sp:1200;sR:700;\"\n\t\t\t\t\t\t\t\tdata-frame_1_mask=\"u:t;\"\n\t\t\t\t\t\t\t\tdata-frame_999=\"x:-100%;st:w;sp:900;sR:7100;\"\n\t\t\t\t\t\t\t\tdata-frame_999_mask=\"u:t;\"\n\t\t\t\t\t\t\t\tstyle=\"z-index:8;background-color:rgba(142,142,147,0.4);font-family:'Roboto';\"\n\t\t\t\t\t\t\t>GARANTIZADA \n\t\t\t\t\t\t\t<\/rs-layer><!--\n\n\t\t\t\t\t\t\t--><rs-layer\n\t\t\t\t\t\t\t\tid=\"slider-4-slide-12-layer-9\" \n\t\t\t\t\t\t\t\tdata-type=\"text\"\n\t\t\t\t\t\t\t\tdata-color=\"#0099e0\"\n\t\t\t\t\t\t\t\tdata-rsp_ch=\"on\"\n\t\t\t\t\t\t\t\tdata-xy=\"xo:228px,199px,151px,93px;yo:217px,189px,143px,88px;\"\n\t\t\t\t\t\t\t\tdata-text=\"w:normal;s:113,98,74,45;l:141,123,93,57;\"\n\t\t\t\t\t\t\t\tdata-dim=\"w:836,731,555,342;\"\n\t\t\t\t\t\t\t\tdata-ford=\"frame_0;frame_1;frame_2;frame_999;\"\n\t\t\t\t\t\t\t\tdata-frame_0=\"y:50,43,32,19;\"\n\t\t\t\t\t\t\t\tdata-frame_1=\"sp:1000;\"\n\t\t\t\t\t\t\t\tdata-frame_999=\"o:0;st:w;\"\n\t\t\t\t\t\t\t\tdata-frame_2=\"st:400;sp:400;\"\n\t\t\t\t\t\t\t\tstyle=\"z-index:10;font-family:'Roboto';\"\n\t\t\t\t\t\t\t>BUTECHCO SAS \n\t\t\t\t\t\t\t<\/rs-layer><!--\n-->\t\t\t\t\t<\/rs-slide>\n\t\t\t\t\t<\/rs-slides>\n\t\t\t\t<\/rs-module>\n\t\t\t\t<script>\n\t\t\t\t\tsetREVStartSize({c: 'rev_slider_4_1',rl:[1240,1024,778,480],el:[670,768,960,720],gw:[1170,1024,778,480],gh:[670,768,960,720],type:'standard',justify:'',layout:'fullwidth',mh:\"0\"});if (window.RS_MODULES!==undefined && window.RS_MODULES.modules!==undefined && window.RS_MODULES.modules[\"revslider41\"]!==undefined) {window.RS_MODULES.modules[\"revslider41\"].once = false;window.revapi4 = undefined;if (window.RS_MODULES.checkMinimal!==undefined) window.RS_MODULES.checkMinimal()}\n\t\t\t\t<\/script>\n\t\t\t<\/rs-module-wrap>\n\t\t\t<!-- END REVOLUTION SLIDER -->\n[\/vc_column][\/vc_row][vc_row][vc_column width=&#8221;1\/2&#8243;][vc_column_text css_animation=&#8221;bottom-to-top&#8221; css=&#8221;&#8221;]<\/p>\n<h4>RESE\u00d1A<\/h4>\n<p>BUTECHCO, naci\u00f3 como respuesta a la necesidad de generar proyectos relacionados con la ciencia de la Ingenier\u00eda, en el sector de la Construcci\u00f3n, Rehabilitaci\u00f3n y Mantenimiento de obras civiles y arquitect\u00f3nicas en general y prestar servicios de interventor\u00eda, dise\u00f1o, c\u00e1lculo, alquiler de maquinaria y equipos de construcci\u00f3n, asesor\u00eda, construcci\u00f3n, montajes, etc.<\/p>\n<p>Sus creadores son un grupo de profesionales en ingenier\u00eda, arquitectura y ciencias econ\u00f3micas, quienes con mentalidad creativa, deseo de formar empresa, y de creer en el Pa\u00eds, se decidieron por incursionar y ayudar a desarrollar el sector de la construcci\u00f3n.<\/p>\n<p>En un principio, una vez fundada BUTECHCO, su objetivo estuvo puesto en el departamento de Boyac\u00e1, y en la construcci\u00f3n de v\u00edas y puentes. Desde aquel d\u00eda, sin embargo, se ha ampliado la visi\u00f3n y el horizonte geogr\u00e1fico, creciendo y ampliando las actividades con el objeto de satisfacer las necesidades de los clientes para los cuales existimos. No obstante, los retos y tendencias: BUTECHCO siempre est\u00e1 dispuesta para aprender y adaptarse al cambio, siempre en constante evoluci\u00f3n junto con los proyectos que realiza. Siempre estamos atentos, buscando oportunidades de negocio que permitan ampliar nuestro portafolio de servicios en diversos sectores relacionados con las obras civiles; encontrando nuevos horizontes en los que nuestra experiencia y diversidad de servicios puedan aportar beneficios.<\/p>\n<p>Independientemente del futuro, la r\u00e1pida adaptaci\u00f3n al cambio que tiene BUTECHCO, ser\u00e1 favorable a las necesidades de nuestros clientes. Estamos seguros que durante el pr\u00f3ximo lustro nuestro reto no ser\u00e1 vencido por las necesidades sino enfrentado con ingenier\u00eda, desarrollo y calidad. Es claro que la calidad es la que determina quienes ofertaran servicios en un futuro inmediato, sin embargo para BUTECHCO; RSC es tambi\u00e9n la base de nuestra visi\u00f3n, por ello estamos trabajando desde hace cuatro a\u00f1os, y continuamos en mejoramiento continuo en todos nuestros procesos, pensando siempre en el bienestar del planeta, y el progreso de nuestra gente.<\/p>\n<p style=\"text-align: left;\">\u201cgracias a la experiencia adquirida podemos construir hacia adelante\u201d<\/p>\n<p>[\/vc_column_text][vc_column_text css=&#8221;&#8221;]<\/p>\n<h3>Responsabilidad social corporativa<\/h3>\n<p>BUTECHCO trata de mantenerse a la vanguardia de la iniciativa para ayudar a las personas a cumplir sus sue\u00f1os. Para demostrar su compromiso, sus socios fundadores desde 2013 cuentan con un Programa de Apoyo a las Mujeres Cabeza de Familia que demuestran una mayor responsabilidad frente a su deseo de progreso y el particular toque de afecto que ponen en todo lo que hacen. Innovadores con bastos conocimientos continuamos ofreciendo valiosas e inteligentes percepciones sobre el papel del ingeniero, el constructor y el cliente con el fin de continuar con las obligaciones de RSC.[\/vc_column_text][vc_column_text css=&#8221;&#8221;]<\/p>\n<h3>Nuestra historia<\/h3>\n<p>BUTECHCO fue institucionalizada el 19 de noviembre de 2019, inscrita en la C\u00e1mara de Comercio el 7 de octubre de 2021 bajo el n\u00famero de matr\u00edcula 195405. Hoy en d\u00eda la empresa cuenta con una s\u00f3lida organizaci\u00f3n administrativa, t\u00e9cnica, financiera y comercial orientada por profesionales de primer nivel y con amplia experiencia en las actividades espec\u00edficas en que se desempe\u00f1a cada uno.[\/vc_column_text][\/vc_column][vc_column width=&#8221;1\/2&#8243;]<div class=\"L\u00ednea Telef\u00f3nica fh-icon-box-4 dark-version icon-center\" style=\"background-image: url()\"> <span class=\"fh-icon\"><i class=\"fa fa-phone\"><\/i><\/span><div class=\"desc\"><h1><span class=\"accent-1\">(+57) 317.242.5074<\/span><\/h1>\n<\/div><a class=\"icon-box-link\" href=\"\" target=\"_self\">L\u00ednea Telef\u00f3nica<i class=\"fa fa-long-arrow-right\" aria-hidden=\"true\"><\/i><\/a><\/div>[vc_column_text css=&#8221;&#8221;]\u201cNo solo construimos obras civiles, creamos \u201cespacios para una vida mejor\u201d<\/p>\n<h6>info@domiciliostunja.org<\/h6>\n<p>[\/vc_column_text][\/vc_column][\/vc_row][vc_row][vc_column width=&#8221;1\/2&#8243;]<div class=\" fh-icon-box-4 dark-version icon-center\" style=\"background-image: url()\"> <span class=\"fh-icon\"><i class=\"fa fa-check-circle\"><\/i><\/span><div class=\"desc\"><h3>MISION<\/h3>\n<h6 style=\"text-align: left;\">Construir y desarrollar proyectos de Ingenier\u00eda, con calidad, t\u00e9cnica, \u00e9tica y profesionalismo, aportando nuestro talento y recursos al bienestar econ\u00f3mico y social del pa\u00eds.<\/h6>\n<\/div><a class=\"icon-box-link\" href=\"\" target=\"_self\"><i class=\"fa fa-long-arrow-right\" aria-hidden=\"true\"><\/i><\/a><\/div>[\/vc_column][vc_column width=&#8221;1\/2&#8243;]<div class=\"VISION fh-icon-box-4 dark-version icon-center\" style=\"background-image: url()\"> <span class=\"fh-icon\"><i class=\"fa fa-compress\"><\/i><\/span><div class=\"desc\"><h3>VISION<\/h3>\n<h6>Para el a\u00f1o 2025 seremos una organizaci\u00f3n de constante crecimiento empresarial, a trav\u00e9s de un liderazgo consolidado en el sector de la construcci\u00f3n, apoyados por procesos de calidad y una s\u00f3lida estructura organizacional.<\/h6>\n<\/div><\/div>[\/vc_column][\/vc_row][vc_row][vc_column][vc_single_image image=&#8221;3067&#8243; css=&#8221;&#8221; title=&#8221;FIRMA&#8221;][vc_row_inner][vc_column_inner][\/vc_column_inner][\/vc_row_inner][\/vc_column][\/vc_row]<\/p>\n<\/div>","protected":false},"excerpt":{"rendered":"<p>[vc_row disable_element=&#8221;yes&#8221;][vc_column][\/vc_column][\/vc_row][vc_row][vc_column width=&#8221;1\/2&#8243;][vc_column_text css_animation=&#8221;bottom-to-top&#8221; css=&#8221;&#8221;] RESE\u00d1A BUTECHCO, naci\u00f3 como respuesta a la necesidad de generar proyectos relacionados con la ciencia&hellip;<\/p>\n","protected":false},"author":1,"featured_media":0,"parent":0,"menu_order":0,"comment_status":"closed","ping_status":"closed","template":"template-homepage.php","meta":{"footnotes":""},"class_list":["post-2982","page","type-page","status-publish","hentry","no-thumb"],"_links":{"self":[{"href":"https:\/\/butechco.co\/index.php\/wp-json\/wp\/v2\/pages\/2982"}],"collection":[{"href":"https:\/\/butechco.co\/index.php\/wp-json\/wp\/v2\/pages"}],"about":[{"href":"https:\/\/butechco.co\/index.php\/wp-json\/wp\/v2\/types\/page"}],"author":[{"embeddable":true,"href":"https:\/\/butechco.co\/index.php\/wp-json\/wp\/v2\/users\/1"}],"replies":[{"embeddable":true,"href":"https:\/\/butechco.co\/index.php\/wp-json\/wp\/v2\/comments?post=2982"}],"version-history":[{"count":66,"href":"https:\/\/butechco.co\/index.php\/wp-json\/wp\/v2\/pages\/2982\/revisions"}],"predecessor-version":[{"id":3070,"href":"https:\/\/butechco.co\/index.php\/wp-json\/wp\/v2\/pages\/2982\/revisions\/3070"}],"wp:attachment":[{"href":"https:\/\/butechco.co\/index.php\/wp-json\/wp\/v2\/media?parent=2982"}],"curies":[{"name":"wp","href":"https:\/\/api.w.org\/{rel}","templated":true}]}}